y i?
15
Let s = -8 - -34. Calculate the remainder when s is divided by 7.
5
Suppose 0 = 5*m + 2*r - 87, r = -4*m - 2*r + 71. Calculate the remainder when m is divided by 13.
4
Suppose 2*v - 12 = -4. Suppose -24 = 2*f - v*r, 2*r + 12 = -4*f - f. Calculate the remainder when 3/((-6)/f) + 38 is divided by 14.
12
Let v be -4 + 3 - (-3 + 2). Suppose -2*i = 2*s - 6, 2*i + 22 = -v*s + 2*s. What is the remainder when 19 is divided by s?
5
Suppose -9*z + 373 = -509. What is the remainder when z is divided by 9?
8
Suppose -113 = 2*y - 29. Suppose 0 = 3*d + d - 104. Calculate the remainder when d is divided by 20/4*y/(-15).
12
Let o = -41 - -79. Calculate the remainder when 151 is divided by o.
37
Calculate the remainder when (-3)/(3/26)*5/(-2) is divided by 34.
31
Let l(r) = 2*r**2 + 2*r - 1. Calculate the remainder when 20 is divided by l(2).
9
Suppose x - 2*l + 4*l - 25 = 0, 10 = -5*l. Let t = 52 - x. What is the remainder when 68 is divided by t?
22
Let w = -68 + 68. Let n(t) = -t - 2. Let m(j) = j + 3. Let p(s) = 3*m(s) + 2*n(s). What is the remainder when p(w) is divided by 2?
1
Suppose -76 = -0*p - 4*p. Let n(c) = c**3 + 14*c**2 - 14*c + 4. Let z be n(-15). Let y = z + p. What is the remainder when 23 is divided by y?
7
Let y = 6 + -6. Suppose 2*c - 6*b + 2*b - 42 = y, -4*c + 74 = -3*b. Calculate the remainder when c is divided by 6.
5
Suppose 7*w - w = 60. What is the remainder when 47 is divided by w?
7
Suppose -2*u - 3*o + 6 = -17, -4*u + 4*o = -16. What is the remainder when u is divided by 5?
2
Suppose -g = -11 - 6. Suppose -3*m = 5 - g. Calculate the remainder when m/18 + 480/27 is divided by 7.
4
Let w be (16 - 0)*(-3)/(-6). Suppose w*f = 6*f + 10. Calculate the remainder when 19 is divided by f.
4
Let g(m) = 24*m**2 + m - 1. Suppose 0 = 3*f + 16 - 19. Calculate the remainder when ((-71)/(-5))/(f/5) is divided by g(1).
23
Let z(w) be the third derivative of w**4/24 + 17*w**3/6 + 3*w**2. What is the remainder when z(-7) is divided by 6?
4
What is the remainder when 37 - (6/4)/((-3)/(-4)) is divided by 12?
11
Let l(g) = -2*g + 5. Let k = -5 - 0. Let w = -60 + 104. What is the remainder when w is divided by l(k)?
14
Let g(q) = -3*q**3 + q**2 + q. Suppose 0 = -3*z - 0 - 3. Let v be g(z). Let w = 15 - v. Calculate the remainder when 23 is divided by w.
11
Suppose 5*g - c - 158 = 85, -c = -3*g + 147. Suppose -f - 2*f = -g. Calculate the remainder when 47 is divided by f.
15
Let u(b) = 0*b + 11*b**2 - 3*b + 3*b. Let v(g) = 2*g - 4. What is the remainder when u(1) is divided by v(5)?
5
Suppose -3*l + 29 = 4*v, -4*l + 0*l + 17 = v. Suppose l*z = 43 + 14. Suppose 0*h - 55 = -5*h. What is the remainder when z is divided by h?
8
Calculate the remainder when 64 is divided by (-2)/(-5) + (-326)/(-10).
31
Let z = 91 + -62. What is the remainder when z is divided by 16?
13
What is the remainder when 95 is divided by (-160)/(-15)*27/12?
23
Suppose 2*a = -a - 54. Let h = a - -45. Suppose 5*i - 59 = -4*b, 3*i - i = 3*b - h. What is the remainder when b is divided by 6?
5
Let g = 5 + -2. Suppose g*d = d - 2*m + 68, -38 = -d - 2*m. Calculate the remainder when d is divided by 16*((-1)/1)/(-1).
14
Let x = 3 + -1. Let h(a) = a + x - a + 4 - a. What is the remainder when h(5) is divided by 1?
0
Let p(l) = -14*l. Let g = 39 - -15. Calculate the remainder when g is divided by p(-1).
12
Suppose 61 = 4*j + 9. What is the remainder when (-4)/(-6)*966/28 is divided by j?
10
Let c = -6 + 24. Let a(d) = -14*d + 1. Let r be a(1). Let f = c + r. What is the remainder when 14 is divided by f?
4
Suppose 2*u - 203 = -4*r - 19, r + u - 45 = 0. Calculate the remainder when r is divided by 12.
11
Let r be (-4)/(3 - (2 + 2)). What is the remainder when 5 is divided by (16/12)/(r/9)?
2
Let o = -18 + 24. Calculate the remainder when 43 is divided by (o/4)/((-3)/(-30)).
13
Let w(r) = -5*r**2 - 1. Let q(i) = i**3 - 7*i**2 + 6*i + 1. Let k be q(6). Let z be w(k). Calculate the remainder when 7 is divided by z/(-9) + 10/3.
3
Suppose 0 = -4*a + 20, 0 = x + a + 3*a - 19. Let g = -54 + 90. What is the remainder when g is divided by -19*3/(x*3)?
17
What is the remainder when 127 is divided by -2 + 102/(4 + -1)?
31
Let b be 6/(-5)*210/9. Let j = b - -46. Let i = j + -7. What is the remainder when i is divided by 6?
5
Let s be -4*2/(-4) - -1. Suppose v + s*q - 5 = q, -q = -3*v + 15. What is the remainder when 9 is divided by v?
4
Suppose -r = 3*y - 48 - 74, -y + 45 = -4*r. Calculate the remainder when y is divided by 1/(-1) + 72/6.
8
Suppose 2*u = -5*a + 32 + 7, -u + 33 = 4*a. Let h = a - 6. What is the remainder when 4 is divided by h?
1
Let x = 31 + -2. Let j(f) = 15*f**2 - f - 1. Suppose 5 = -8*k + 3*k. Calculate the remainder when x is divided by j(k).
14
Let u(x) = 6*x + 29. What is the remainder when u(4) is divided by 8?
5
Suppose 3*z - 2*h = 39, -3*z = -3*h - 17 - 25. Calculate the remainder when 41 is divided by z.
8
Calculate the remainder when 1/4 + (-5 - 3096/(-32)) is divided by 24.
20
Suppose 0 = x + n - 42, -2*n + 141 = 4*x - 27. Calculate the remainder when x is divided by 23.
19
Suppose 80 = 4*m + m + 5*s, -64 = -3*m + 5*s. Calculate the remainder when 51 is divided by m.
15
Suppose -5*k + 12 = -k, 3*k - 5 = 2*u. What is the remainder when 7 is divided by u?
1
Let i(o) = -2*o**3 + 2*o**2 + 2. Suppose d + 6 = -5*l - 2, 5*d - 4 = -3*l. Let p(m) = 4*m**2 - m - 4. What is the remainder when i(-2) is divided by p(l)?
12
Suppose 3*m - c - 1 = -m, 0 = 5*m - 2*c - 2. Let p(g) = g + 56. What is the remainder when p(m) is divided by 15?
11
Let i = 51 - 32. Let h(s) = -2*s - 2*s - 3 - 4*s. What is the remainder when h(-5) is divided by i?
18
Let h = -87 - -106. Calculate the remainder when h is divided by 18.
1
Suppose f + f - 76 = -5*g, -74 = -4*g + 5*f. Calculate the remainder when 76 is divided by g.
12
Suppose 7*o - 2*o = 10. Suppose 0 = -3*q - 4*f + 147, -4*q + 0*f + o*f + 196 = 0. What is the remainder when q is divided by 13?
10
Suppose 5*l - 44 - 36 = 0. Let x be (5 + -4)/((-2)/(-10)). Suppose -3*s + r = 4*r - 21, x*s + 2*r = 32. Calculate the remainder when l is divided by s.
4
Suppose -4*i - 2 = 2*f, 2*f = -4*i + 2*i + 2. Suppose 1 + 9 = -5*q. What is the remainder when (20/6)/(q/(-3)) is divided by f?
2
Suppose -2*x = 3*h - 7, 0 = -4*x - 16 - 0. What is the remainder when h is divided by 3?
2
Suppose -4*u + 5*c = 694, 2*u - c = -0*u - 344. Suppose x + 60 = 4*x. Calculate the remainder when 2/((-6)/u) - -1 is divided by x.
18
Suppose -3*q + 131 = 4*t, -7*q + 78 = 2*t - 3*q. Let u(k) = -6*k + 122. Calculate the remainder when t is divided by u(19).
5
Let l be ((-21)/12 - -1)*-8. Calculate the remainder when 16 is divided by l/(-21) + 65/7.
7
Let p(r) = r**2 + 5*r + 34. What is the remainder when p(-8) is divided by 17?
7
Let q = -12 - -9. Let v = 4 - q. Calculate the remainder when v is divided by 3.
1
Let z(y) = -26*y - 45. What is the remainder when z(-4) is divided by 16?
11
Suppose -2*d + 187 = 521. Let q = d - 215. Calculate the remainder when (-2)/9 - q/18 is divided by 12.
9
Let l = -61 - -90. What is the remainder when 57 is divided by l?
28
Let g = -50 - -69. Let v = -4 + 14. Calculate the remainder when g is divided by v.
9
Suppose 7*w = 4*w + 9. Suppose 2*h - 8 = -6*y + 2*y, -12 = w*h. Calculate the remainder when 13 is divided by y.
1
Suppose 0 = -3*g + g + 42. Suppose -d - 2*d = -g. Calculate the remainder when d is divided by 3.
1
Let w(m) = m**3 - 8*m**2 + 7. What is the remainder when w(8) is divided by 2?
1
Suppose 1 + 1 = 2*x + 2*w, -5*w + 15 = 0. What is the remainder when 8 is divided by (-1 - 3) + (-16)/x?
0
Let z = 53 + -50. What is the remainder when z is divided by 3?
0
Suppose t - 35 = 4*s - 136, 0 = -3*s + 4*t + 79. What is the remainder when s is divided by 13?
12
Let q(r) = 5*r - 11. What is the remainder when 45 is divided by q(7)?
21
Let g(c) = 22*c - 1 + 3 - 3. What is the remainder when 83 is divided by g(1)?
20
Let o = -2 + 22. What is the remainder when 52 is divided by o?
12
Let q be 29 + (-4)/(0 - 2). Let l = 22 - q. Let u = l - -14. What is the remainder when u is divided by 3?
2
Suppose 3*v - 2*i - 8 - 7 = 0, 4*v - 4*i = 24. Suppose v*n - 5*j - 39 = n, 2*j = -5*n + 25. Calculate the remainder when (-2)/5 + 62/5 is divided by n.
5
Suppo